127. List the prime factors of c.
167
Suppose -3*n + 15 = 0, -6*n + n = 4*i - 4249. List the prime factors of i.
2, 3, 11
Suppose -3*o = -5*o + 740. Suppose -9*c + o = -7*c. What are the prime factors of c?
5, 37
List the prime factors of (-6 - -7)/((-8)/(-116))*50.
5, 29
Suppose 10 = -2*q - 4*k + k, 2*q = -k - 2. Let m = 0 - 0. Suppose m = -f + 2 + q. What are the prime factors of f?
3
Let g be (-5)/(-30) - 29/(-6). List the prime factors of (-42)/((30/(-9))/g).
3, 7
Suppose -4*w = -5*y + 811, -4*w + 256 = 4*y - 400. Suppose 5*s - y = 2*r, -r - 136 = -4*s + 2*r. List the prime factors of s.
31
Let g(y) = -2*y - 11. Let d = -29 + 21. Let o be g(d). Suppose -h - 212 = -o*h. List the prime factors of h.
53
Suppose 0 = 13*n - 449 - 2840. What are the prime factors of n?
11, 23
Let r(b) = -76*b + 22. Let n be r(-2). List the prime factors of (-7)/((-7)/n) + -5.
13
Suppose 0 = 32*q - 58317 + 16429. What are the prime factors of q?
7, 11, 17
Let w be 2564/36 - (-6)/(-27). Suppose 4*h - 6 = 2, -5*k = -2*h - w. What are the prime factors of k?
3, 5
Let h(y) = y - 18. Let s(m) = 3*m - 37. Let k(j) = -5*h(j) + 2*s(j). Let z be k(-11). Suppose 78 = z*n + n. What are the prime factors of n?
13
Let u be (-3)/(579/570 + -1). Let r = -110 - u. What are the prime factors of (r/12)/(-2)*-3?
2, 5
Suppose -60 = -3*j - j. Let g = j + -11. Suppose g*f + 43 = q, 0 = -q - f + 2*f + 31. List the prime factors of q.
3
Suppose 12*l - 28 = 5*l. Suppose l*k - 453 = k. What are the prime factors of k?
151
List the prime factors of (-13)/(-1)*(6 - -37).
13, 43
Suppose 0 = 38*s + 18303 - 49045. List the prime factors of s.
809
Let r = -4 + 12. Let h be 94 + (-2)/(r/(-12)). Suppose -3*p + 3*x - 16 = -h, -5*x + 33 = p. List the prime factors of p.
2, 7
What are the prime factors of 117621/42*2/3?
1867
Let g(d) be the first derivative of 17*d**2/2 + 6*d + 13. What are the prime factors of g(6)?
2, 3
Let b = -15 - -26. Suppose -a + b = -8. Let h = 28 - a. What are the prime factors of h?
3
Let s(z) = -73*z + 103. What are the prime factors of s(-15)?
2, 599
Let b(j) = 8*j - 41. Let l be b(-18). Let u = l + 291. What are the prime factors of u?
2, 53
Suppose -3*x - z + 211 = 0, 7*x - 2*x - 340 = -4*z. Let n = 222 - x. What are the prime factors of n?
2, 3, 5
Suppose u + 671 = 6*u + 3*g, -5*u = -3*g - 659. Suppose 5*n - u - 145 = -b, 5*n = 2*b - 496. What are the prime factors of b?
2, 3, 43
Let z(n) = 77*n**2 - 4*n - 37*n**2 - 39*n**2 - 9. What are the prime factors of z(8)?
23
Suppose 52*m - 76*m = -22920. What are the prime factors of m?
5, 191
Let b(g) = -g**3 - 6*g**2 - 13*g + 6. Let q be b(-10). Let w = q - 374. What are the prime factors of w?
2, 3
Let l(n) = -n**3 + 7*n**2 + 8*n + 4. Let a be l(8). Let u(m) = -11*m**3 + 12*m**3 - 1 - 2*m**2 + m**2. What are the prime factors of u(a)?
47
Suppose -5*l = 5*g, -4*g - l = -6*l. Suppose -4*y + 252 = -g*y. Suppose -y + 278 = 5*p. What are the prime factors of p?
43
Let k(o) = 4*o**2 - o. Let c be k(-1). Let t(p) = -p**2 + 4*p + 8. Let w be t(c). Suppose -7 = 2*v - w*v. List the prime factors of v.
7
Let v(r) = -280*r + 64. List the prime factors of v(-6).
2, 109
Let i be ((2 + -2)/3)/(-1). Suppose 2*o + 0 - 20 = i. Suppose -t - o = -54. List the prime factors of t.
2, 11
Let m(h) = -3*h**2 + 5*h - 1. Let j be m(-5). Let i = -2 - j. List the prime factors of i.
3, 11
Let s(f) = 1. Let a(o) = -o + 7. Let y(l) = a(l) - 2*s(l). Let h(z) = z**3 + 6*z**2 + 9*z - 3. Let n be h(-4). List the prime factors of y(n).
2, 3
Suppose 24*g - 1677 - 1563 = 0. List the prime factors of g.
3, 5
Suppose 0 = -2*y - 6*o + 3*o + 1411, 0 = 3*y - 4*o - 2108. List the prime factors of y.
2, 11
Let t(b) be the first derivative of b**3/3 - 11*b**2/2 + 17*b + 1. Let u be t(12). Suppose h - 4*k = 38, -5*h + u = -2*h + 5*k. What are the prime factors of h?
2, 3
Suppose 4*d - 42 = 2*d. Let s = d + -18. Suppose 0*o = -s*o + 18. List the prime factors of o.
2, 3
Let g(k) = 723*k - 481. What are the prime factors of g(5)?
2, 1567
Let r be 4/16*2*6*1. Let v = r - -4. What are the prime factors of v?
7
Let g = 506 - 352. What are the prime factors of g?
2, 7, 11
Let h = -8 + 12. Suppose -h*z = -9*z. Suppose z = -j + 4*j - 39. List the prime factors of j.
13
Let g be (8 + -6)/((-2)/(-10)). Suppose 0 = -g*v + 335 + 585. What are the prime factors of v?
2, 23
Suppose 0 = -12*w + 2008 + 6320. List the prime factors of w.
2, 347
Suppose 2*t - 472 = a, t + a - 126 = 113. What are the prime factors of t?
3, 79
Let z(g) = 1383*g + 5. List the prime factors of z(2).
17, 163
Suppose 3*c + 2*a - 4158 = 5*a, 0 = 4*c + 2*a - 5568. List the prime factors of c.
2, 5, 139
Let q(t) = -8*t + 5 + 7*t**2 + 0 + 14*t - 3*t. What are the prime factors of q(5)?
3, 5, 13
Let q = 35 - 63. Let r = 34 + q. What are the prime factors of r?
2, 3
Suppose -2 - 37 = -3*g. Let z = 21 - g. List the prime factors of z.
2
Let l = -35 + -1. Let p = l - -28. What are the prime factors of 472/10 - p/10?
2, 3
What are the prime factors of (313 - (4 + -2)) + -2?
3, 103
Let b = -113 + 139. List the prime factors of (-44)/2*(-195)/b.
3, 5, 11
Suppose 4 = 4*p + 8, 4*g - 12520 = 4*p. What are the prime factors of g?
3, 7, 149
Suppose -5*s - 1252 = -l, 5*s + 15 = -l + 1277. What are the prime factors of l?
3, 419
Let v(u) = -u - 7. Let h be v(-10). Suppose -4*g + h + 17 = 0. Suppose g*q - 130 = -5*t, -5*q = 4*t - 27 - 99. What are the prime factors of q?
2, 11
What are the prime factors of (-5*428/4)/((-2)/22)?
5, 11, 107
Let q be 68/6*(-21)/(-14). Let d = q - 19. What are the prime factors of (10/20)/(d/(-8))?
2
Let b = 27 - 22. Suppose -b*f - 3*o = -48, 4*o + 32 = -f + 5*f. Suppose 2*a - f = 107. List the prime factors of a.
2, 29
Suppose s = -0*s - 4*n + 15, 4*s - 3*n = 3. Suppose u - 2*u + g + 14 = 0, s*u - 46 = 2*g. List the prime factors of u.
2, 3
Let f be (2 + -4)*(-1)/(-2). Let r = -2 - f. Let q(x) = -21*x. What are the prime factors of q(r)?
3, 7
Suppose 0*y - 2*j - 2456 = 3*y, 5*j = 2*y + 1669. What are the prime factors of (-3)/(-2)*y/(-9)?
137
Suppose 0 = -10*v + 8*v + 164. Let f = v - 4. List the prime factors of f.
2, 3, 13
Let m = 27 - 132. Let y be (-1 - 0 - m)*1. Suppose 3*j - y = v, v + 6 = 2*j - 62. What are the prime factors of j?
2, 3
Suppose 10*v - v + 54 = 0. List the prime factors of (-232)/(-24) + 10/v.
2
Let u be (-4 - -1) + 1 + 0. Let v be (u/(-4))/((-6)/(-36)). Suppose x - y = -v*x + 15, -x - 3*y + 7 = 0. List the prime factors of x.
2
Let w(z) = z**3 + 6*z**2 - 8*z + 2. Let c be w(-7). Let k(a) = a**2 + 10*a - 20. Let q be k(-14). Suppose -v + q = c. What are the prime factors of v?
3
Suppose -10 - 2 = 2*r. Let i = r + 2. What are the prime factors of i/6*(-45)/6?
5
Suppose -2*y + 56 = 6*y. Suppose y*v - 172 = 3*v + 4*l, 0 = -2*l + 10. List the prime factors of v.
2, 3
Let w(m) = 17*m + 14. Let z(g) = 203*g + 168. Let v(i) = 49*w(i) - 4*z(i). List the prime factors of v(7).
7, 23
Suppose -194*l + 195*l - 1020 = 0. List the prime factors of l.
2, 3, 5, 17
Let x(w) = w**3 - 3*w**2 + 8*w - 1. Let n be x(6). Let l = 1300 + -1215. Suppose n + l = 4*h. What are the prime factors of h?
2, 3, 5
Let g(l) = -l**3 - 6*l**2 + 7*l + 7. Let u be g(-7). Let o(n) = -n**3 + 10*n**2 - 6*n + 2. What are the prime factors of o(u)?
107
Let m(o) = o**2 + 9*o - 13. Let x be m(-11). Suppose -5*f - x = 4*l, -3*l + 4*l = -1. Let z = f - -4. What are the prime factors of z?
3
Suppose -2*w + 153 = b, w + w = -4*b + 138. Let m = -97 + 58. Let r = w + m. List the prime factors of r.
2, 5
What are the prime factors of 111251/49 + 6/(-14) + 0?
2, 5, 227
Let x(r) = r**3 + 4*r**2 + 6*r + 14. Let d be x(6). List the prime factors of (1/4 + (-17)/(-68))*d.
5, 41
Suppose -7*n + 15 = -6. Suppose -2*d + n*u + 201 = 0, 0*d - 195 = -2*d + 5*u. List the prime factors of d.
3, 5, 7
What are the prime factors of 5*(-5)/25*7*-307?
7, 307
Suppose 9*f - 4*f = 2*l + 9669, l = -5*f + 9663. What are the prime factors of f?
1933
Let q(x) = x**3 + 9*x**2 - 3*x + 11. Let m be q(-8). Suppose 5*s - 8*s = -m. List the prime factors of s.
3, 11
Suppose -5*y + 37*v - 42*v + 3365 = 0, -2*v = -5*y + 3393. List the prime factors of y.
677
Let g = -4 + 6. Suppose 5*n - g*n - 228 = -5*t, n - 188 = -4*t. Suppose -t = -5*k + 2. List the pri